11*y + 2*y**2 + 108 + y**2 - 2*y**2. Calculate c(10).
0
Suppose -2*t + 2*c = -10, -2*c - 24 + 8 = -3*t. Let v(x) = 2*x - 2. What is v(t)?
10
Let f(v) be the second derivative of -7*v**3/6 - v**2 + 21*v - 14. Suppose 0*j - 11 = -3*i - j, -5*i + 4*j = 10. Calculate f(i).
-16
Let y = -9 - -9. Let x be ((-10)/4 - -2)*-14. Suppose 3*s = -q + 1 + 4, y = 5*s + q - x. Let n(d) = -3*d - 1. Give n(s).
-4
Suppose -163 = -g - 5*a, -a = -3 - 0. Let d = g + -138. Let b(z) = -z**3 + 11*z**2 - 9*z - 7. Determine b(d).
3
Let r be (-28)/(-5) + 10/25 + -4. Let j(a) = 3*a**3 + a**2 - 2*a - 1. What is j(r)?
23
Suppose 2*f + 1 = -4*x - 1, 4*f + 14 = -3*x. Let h(l) be the first derivative of -l**3/3 - 5*l**2/2 + 2*l - 2. Calculate h(f).
2
Let q(n) = 2*n**2 - 6*n + 4. Let x be q(4). Let g(w) be the first derivative of w**2/2 - 6*w + 338. Determine g(x).
6
Let i be 350/20*4/14. Let s(n) = 6*n - 15. Calculate s(i).
15
Let t(z) = -2*z**3 - 5*z**2 + 3. Let k(b) = b + b**3 + 5 + b**2 - 9*b**2 - 2*b**2 - 4*b**3. Let w(d) = 3*k(d) - 5*t(d). What is w(4)?
-4
Let m(g) = -2*g**2 - 3*g + 12. Let v be m(-4). Let u(o) = o**2 + 8*o + 7. What is u(v)?
7
Suppose -t = -7 + 2. Let m(d) = -80*d - 91*d - t - d**2 + 177*d. What is m(4)?
3
Suppose -420 + 450 = -10*c. Let m(i) = 1 + 3 + i**2 - i + 6*i. What is m(c)?
-2
Suppose 3*h = 2*x + 40, 2*h + 5 = -x + 34. Let w(b) = -b**2 + 14*b + 19. Determine w(h).
19
Let v(j) = 6*j - 5. Let q(t) = -9*t + 1. Let b be q(0). Let k(w) = -1. Let h(p) = b*v(p) - 4*k(p). Determine h(1).
5
Let t(g) = 80 + 76 - 163 + g**2 - 6*g. Calculate t(6).
-7
Let h(j) = -14*j**2 + 3*j - 1. Suppose 3*m + 3*s = 9, -5*s + 12 = 2. Calculate h(m).
-12
Let j(s) = s**3 - 5*s**2 - 3*s. Let o = 24 + -19. Let i = -1 + o. Suppose t = -4*v + 1, i + 4 = 2*t + 2*v. Calculate j(t).
-15
Let x(w) = 16*w. Let f(r) = r. Let g(n) = -28*f(n) + 2*x(n). Calculate g(3).
12
Let p(r) = -r**2 + 40*r - 390. Let v be p(23). Suppose -3*u - 9 = g, 5*g - 15 = 4*u + u. Let q(w) = 4 + g*w + w - 5 - 2*w. Give q(v).
-2
Let h(y) be the second derivative of y**4/4 + y**3/3 - y + 36. Calculate h(-2).
8
Let j(x) = 6*x**3 + x. Let k(d) be the first derivative of -15*d + 1/2*d**2 - 6. Let g be k(14). Give j(g).
-7
Let n(g) = -g**3 - 5*g**2 - g + 3. Suppose 41 = 2*j - 19. Let t = j + -35. Calculate n(t).
8
Let n(u) be the second derivative of 1/2*u**2 - 1/12*u**4 - 2/3*u**3 + 0 + 3*u. Let p(j) be the first derivative of n(j). What is p(-5)?
6
Let h(r) = r**3 - 11*r**2 + r - 6. Let z = 57 + -46. What is h(z)?
5
Let r(d) be the first derivative of -d**4/4 - 8*d**3/3 - 9*d**2/2 - 3*d - 406. Calculate r(-6).
-21
Let z(m) = m**3 + 3*m**2 - 2*m + 4. Let k(q) = q**3 + 7*q**2 + 9*q + 14. Let h be k(-6). Determine z(h).
-4
Let o(h) = 97*h + 7 - 206*h + 108*h. Suppose 0 = -4*p + 7 + 1. Suppose 0 = -w - 5*a, w = -p*w - 2*a. What is o(w)?
7
Let s(t) be the first derivative of -t**3/3 + 5*t**2/2 - t - 4. Let z be ((-3)/(-9))/(2/18). Suppose 0 = -4*b + z*k + 3, k = 3*b - 6*b + 12. What is s(b)?
5
Let r(b) = -7*b**3 + 3*b**2 + 6*b + 2. Let t(v) = 7*v**3 - 4*v**2 - 7*v - 1. Let m(n) = -3*r(n) - 2*t(n). Let u be m(-1). Let j(w) = w**2 + 7*w - 7. Give j(u).
1
Let x(c) be the third derivative of 11*c**2 + 0*c**3 + 0*c + 0 + 1/12*c**4. What is x(2)?
4
Let z(c) = c**2 - 8*c + 14. Let u be z(3). Let x(v) = 30*v**2 - 2*v - 1. Determine x(u).
31
Suppose 0 = p - 1 - 3. Let y(v) = 91*v**2 - v + v**3 - 185*v**2 + 3 + 90*v**2. Calculate y(p).
-1
Let w(q) = q**2 - q + 1. Let r = 12 - 6. Suppose 5*a - r*a - 3 = 0. Let h = 5 + a. Give w(h).
3
Let l(h) = 3*h**3 + 3*h**2 - h. Let b be l(-4). Let u = 143 + b. Let z(t) = 3*t + 1. Let s(f) = -3*f - 1. Let v(g) = -3*s(g) - 4*z(g). Calculate v(u).
-10
Let v = 31 - 26. Suppose -2*u - u - 1 = -5*m, 0 = -v*m - 5. Let p(t) = t + 2. What is p(u)?
0
Let d(w) be the second derivative of -w**4/12 - 5*w**3/3 - 2*w**2 + w. Let z be d(-9). Let f(v) = -v**2 + 5*v - 1 - z*v + 2*v**2 - 3*v. What is f(5)?
9
Let u(k) be the first derivative of 2*k**2 - 3*k - 8. Let v(j) = j**3 - 2*j**2 + 1. Let r be v(2). Let m be u(r). Let h(n) = -8*n + 1. Determine h(m).
-7
Let w(q) = q**2 + 3*q + 6. Let z = 1971 - 1974. Determine w(z).
6
Let v = 35 - 20. Suppose -2*o = v + 17. Let p = o + 22. Let i(q) = q**2 - 6*q - 3. Calculate i(p).
-3
Let n(t) = 3*t**2 - 17*t + 20. Let z be n(6). Let k(l) = -z + l + 13 - 4*l + 11. Give k(5).
-17
Let y(l) = 5*l - 116. Let d be y(24). Let j(f) = 6*f - 15. Give j(d).
9
Let c = 6 + -9. Let d be c - (-3)/((-6)/(-10)). Let o(i) = -10*i**2 - i - 3. Let q(l) = -9*l**2 - l - 2. Let w(g) = d*o(g) - 3*q(g). Determine w(-1).
6
Let x(q) = 22*q**3 - 2*q + 1. Let y be x(1). Let z = y + -15. Let o(c) = -4 - 5*c + z*c + 0*c. Determine o(0).
-4
Suppose 0*q = -3*q + q. Suppose -n + 7 = 2*u, q*u + 4*n - 3 = -3*u. Let x(s) = -4*s + 8. Let y(f) = -7*f + 15. Let w(d) = 5*x(d) - 3*y(d). Give w(u).
0
Let g be 2/(-9) - ((-1748)/171)/1. Let n(y) = -2*y + 9. Give n(g).
-11
Let c be (0 + -5 + 4)*-2. Let f(p) be the first derivative of -p**2 - 2*p - 25. Give f(c).
-6
Suppose -5 = -m - 3*w + 2*w, -4*w = -12. Let j(a) = -2*a + 1 - 4 + a**m + 10*a - 2. What is j(-8)?
-5
Let w(t) = t**2 + 5*t - 3. Let i be -2 - 12/(-4 - 0). Let p = -4 + i. Let q = p + -2. Give w(q).
-3
Let v(j) be the first derivative of -15*j**2/2 + 2*j + 831. Give v(-4).
62
Let c(g) = g**3 + 2*g**2. Suppose 0 = -k - k. Suppose -3*f - 9 - 3 = k. Let u(y) = 2*y + 6. Let a be u(f). Calculate c(a).
0
Let q(l) = 3*l. Suppose -2*r = 4*i - 10, -23*r - 2*i = -27*r - 10. What is q(r)?
-3
Let a(z) = -z - 1. Suppose 0 = -3*s - 5 - 4. Let d be a(s). Let i(y) = 2*y**3 - 2*y**2 + 3*y - 2. Calculate i(d).
12
Let b be 1/(-2)*0/(20 - 11). Let j(t) be the second derivative of -4*t + 1/12*t**4 + 0 + b*t**3 + t**2. Determine j(0).
2
Let v(q) = -92*q**3 + 5*q**2 - 14*q - 7. Let p(o) = -46*o**3 + 3*o**2 - 8*o - 4. Let t(b) = 7*p(b) - 4*v(b). What is t(-1)?
-45
Let s(y) = -2 - 6*y - y + 2*y - 4*y - 79*y**2 + 80*y**2. What is s(8)?
-10
Let d(z) = -4*z**2 + 8*z + 5. Let x = 16 - 27. Let a(s) = -2*s**2 + 4*s + 2. Let k(h) = x*a(h) + 6*d(h). Let l(p) be the first derivative of k(p). Give l(4).
-12
Let u(w) = 4*w - 3. Let t(l) = -l - 1. Let c(g) = -5*t(g) - u(g). Determine c(6).
14
Let c(l) be the second derivative of -2*l + 1/6*l**3 + 0 - 1/20*l**5 - 1/12*l**4 - l**2. Give c(-2).
0
Let z(q) = q**3 + 2*q**2 - 2*q. Suppose 0*a - 16 = -a. Let w be a/72 + (-65)/9. Let p = w - -4. Give z(p).
-3
Let h(s) = -2*s - 2*s**2 + 5 - 6 + 0*s - 2*s**2 + 4*s. Calculate h(2).
-13
Suppose 0 = -k + y - 22, -5*k - 3*y - 597 = -503. Let t(d) = d**2 + 21*d + 19. What is t(k)?
-1
Let s be (-407)/(-77) - 7 - (-6)/(-21). Let c(r) = 10*r**2 + 2*r. Calculate c(s).
36
Let n = 26 - 36. Let f be (-8)/(-3)*(-45)/n. Suppose 4*c + f = 0, -u = 3*u + c + 11. Let w(d) = -2*d**2 + 2*d. What is w(u)?
-12
Let h(t) = t**3 - 18*t**2 + 2*t + 1. Let q(y) = y**2 + 32*y + 270. Let x be q(-18). What is h(x)?
37
Let i(h) be the first derivative of h**4/4 + 7*h**3/3 + 7*h**2/2 + 3*h + 23. Suppose -3*m - 27 = 5*g, 4*g - 5*m = 8 - 37. Give i(g).
-3
Suppose -2*t - 8 = 0, -2*z + 3*t - 4*t = 2. Let w = z - 2. Let u be -4 - w - -8 - -1. Let n(q) = q**3 - 6*q**2 - q + 7. Determine n(u).
1
Let w be (3 + -11 - -11) + 0 + 2. Suppose -5*t + 15 - w = 0. Let z(r) = -3*r. Calculate z(t).
-6
Let h(p) = -19*p**2 + 47*p - 5. Let t(q) = -7*q**2 + 17*q - 2. Let g(j) = 4*h(j) - 11*t(j). Calculate g(-2).
4
Let z(s) be the second derivative of s**3/3 + 8*s**2 - 2*s - 10. Determine z(-11).
-6
Let n(o) = o**3 - o**2 - o - 2. Let w(k) = -6*k**3 + 5*k**2 + 5*k + 16. Let u(p) = -5*n(p) - w(p). What is u(0)?
-6
Suppose -3*k + 63 = 6*k. Let m(f) = -14 + k*f + f - 7*f. Calculate m(11).
-3
Let u(w) = 7*w**3 + 15*w**2 - 5*w. Let f(c) = -4*c**3 - 8*c**2 + 3*c. Let z(j) = -5*f(j) - 3*u(j). Let k = 138 - 143. Give z(k).
0
Let b(y) = -y - 7. Let j be b(-7). Let n be (j + 17)/(-3 - -4). Suppose 4*g = 4*u - n - 11, -u = 5*g + 17. Let x(t) = -t**3 + 3*t**2 - 2*t - 3. Determine x(u).
-9
Let l(f) = -13*f**3 + f**2 + f + 3. Let k(w) = -w**3 + 1. Let a(h) = 4*k(h) - l(h). Give a(1).
8
Suppose -k - k - 4 = 4*q, q = -5*k + 17. Let v(m) = -3*m**3 + 7*m**2 - 4. Let o(g) = 2*g**3 - 2*g**2 - 2*g - 1. Let p(t) = o(t) + v(t). Determine p(k).
3
Let a(t) be the second derivat